{"id":5846,"date":"2021-10-14T12:17:59","date_gmt":"2021-10-14T10:17:59","guid":{"rendered":"https:\/\/fulvioventura.org\/?page_id=5846"},"modified":"2025-03-13T14:14:24","modified_gmt":"2025-03-13T13:14:24","slug":"news","status":"publish","type":"page","link":"https:\/\/fulvioventura.org\/en\/news\/","title":{"rendered":"news"},"content":{"rendered":"<p>[vc_row][vc_column width=&#8221;2\/3&#8243;][vc_column_text]<\/p>\n<p style=\"text-align: justify;\">March 13, 2025<\/p>\n<p style=\"text-align: justify;\">Upcoming events:<\/p>\n<p style=\"text-align: justify;\"><b>London: Tuesday, March 25<\/b> at 6:30 p.m., presentation of the re-edition of the book <b>Viaggio in Italia<\/b>, at <b>The Photographers Gallery<\/b>, 16-18 Ramillies St., London W1F 7LW.<\/p>\n<p style=\"text-align: justify;\"><b>Istanbul: Thursday, April 24<\/b>, inauguration of the exhibition <b>Viaggio in Italia<\/b> at <b>National Museum of Turkish and Islamic Art<\/b>, T\u00fcrk ve \u0130slam Eserleri M\u00fczesi, Binbirdirek Mahallesi, Meydan\u0131 Caddesi 12, 34122 Sultanahmet, \u0130stanbul.<br \/>\nThe exhibition will close on May 28, 2025.<\/p>\n<p style=\"text-align: justify;\"><b>Bari: Tuesday, May 27<\/b> at 6:30 p.m., presentation of the re-edition of the book <b>Viaggio in Italia<\/b>, at <b>Pinacoteca metropolitana di Bari<\/b>, Via Spalato 19, 70121 Bari.<\/p>\n<p>[\/vc_column_text][\/vc_column][vc_column width=&#8221;1\/3&#8243;][vc_single_image image=&#8221;6825&#8243; img_size=&#8221;large&#8221;][\/vc_column][\/vc_row][vc_row][vc_column width=&#8221;1\/4&#8243;][vc_single_image image=&#8221;6813&#8243; img_size=&#8221;medium&#8221;][\/vc_column][vc_column width=&#8221;3\/4&#8243;][vc_column_text]<\/p>\n<p style=\"text-align: justify;\">London 11 February 2025<br \/>\nExhibition and presentation of the re-edition of the book <b>Viaggio in Italia<\/b>, at the <b>Italian Cultural Institute<\/b>, on the 40th anniversary of its first publication.<\/p>\n<p style=\"text-align: justify;\">The exhibition will be inaugurated <b>on Tuesday 12 February<\/b> at 6:30 pm at the Italian Cultural Institute, 39 Belgrave Square, London SW1X 8NX.<br \/>\nSpeeches by Francesco Bongarr\u00e0, Director of the Italian Cultural Institute, Davide Rondoni, President of MuFoCo, Museum of Contemporary Photography, Gabriella Guerci, Director of MuFoCo, Museum of Contemporary Photography, and Matteo Balduzzi, curator of the exhibition.<\/p>\n<p style=\"text-align: justify;\">The exhibition will close on 28 March 2025.<\/p>\n<p>[\/vc_column_text][\/vc_column][\/vc_row][vc_row][vc_column width=&#8221;2\/3&#8243;][vc_column_text]<\/p>\n<p style=\"text-align: justify;\">Milan, February 6, 2025<br \/>\nPresentation of the re-edition of the book <b>Viaggio in Italia<\/b>, at the <b>Pinacoteca di Brera<\/b>, on the 40th anniversary of the first publication.<\/p>\n<p style=\"text-align: justify;\">The presentation will take place <b>Thursday, February 6<\/b> at 5:30 pm in the Aldo Bassetti room, Pinacoteca di Brera, via Brera 28, 20121 Milan.<br \/>\nIntroduction by Angelo Crespi, Director of the Pinacoteca di Brera, Angelo Piero Cappello, General Director of Contemporary Creativity of the Ministry of Culture, Davide Rondoni, President of MuFoCo, Museum of Contemporary Photography, and Adele Ghirri, of the Archivio Eredi di Luigi Ghirri.<br \/>\nRound table between photographers Olivio Barbieri, Gianatonio Battistella, Vincenzo Castella and Andrea Cavazzuti.<br \/>\nModerator Matteo Balduzzi, curator of the Museum of Contemporary Photography.<\/p>\n<p>[\/vc_column_text][\/vc_column][vc_column width=&#8221;1\/3&#8243;][vc_single_image image=&#8221;6788&#8243; img_size=&#8221;medium&#8221;][\/vc_column][\/vc_row][vc_row][vc_column width=&#8221;1\/4&#8243;][vc_single_image image=&#8221;6788&#8243; img_size=&#8221;medium&#8221;][\/vc_column][vc_column width=&#8221;3\/4&#8243;][vc_column_text]<\/p>\n<p style=\"text-align: justify;\">Rome, December 13, 2024<br \/>\nPresentation of the re-edition of the book <b>Viaggio in Italia<\/b>, at the <b>MAXXI<\/b>, National Museum of 21st Century Arts, on the 40th anniversary of its first publication.<\/p>\n<p style=\"text-align: justify;\">The presentation will take place <b>Friday, December 13<\/b> at 6:30 pm in the Carlo Scarpa room of the MAXXI, via Guido Reni 4a, 00196 Rome.<br \/>\nIntroduction by Lorenza Baroncelli, Director of the Maxxi.<br \/>\nSpeakers Angelo Piero Cappello, General Director of Contemporary Creativity of the Italian Ministry of Culture, Davide Rondoni, President of MuFoCo, Museum of Contemporary Photography, Adele Ghirri, of the Archivio Eredi di Luigi Ghirri, and Vittore Fossati, Guido Guidi and Gianni Leone, photographers.<br \/>\nModerator Matteo Balduzzi, curator of the Museum of Contemporary Photography.<\/p>\n<p>[\/vc_column_text][\/vc_column][\/vc_row][vc_row][vc_column width=&#8221;2\/3&#8243;][vc_column_text]<\/p>\n<p style=\"text-align: justify;\">Paris, 7-8 November 2024<br \/>\nExhibition and presentation of the anastatic reissue of the book <b>Viaggio in Italia<\/b>, from 1984, published at the time by the publishing house Il Quadrante and re-edition by the publishing house Edizioni Quodlibet.<\/p>\n<p style=\"text-align: justify;\">The exhibition celebrates the fortieth anniversary of <b>Viaggio in Italia<\/b>, the photographic project conceived by Luigi Ghirri in 1984, considered a milestone in the history of contemporary Italian photography, and presents the 86 images contained in the original book reprinted in an anastatic copy. In the new edition, all the details of the original book are faithfully preserved, adopting the design, the layout of the text and the sequence of the original images, the material properties and the size of the pages.<\/p>\n<p style=\"text-align: justify;\">The celebration of the 40th anniversary of the book <b>Viaggio in Italia<\/b> is promoted by MuFoCo, Museo di Fotografia Contemporanea, with the General Directorate of Contemporary Creativity of the Italian Ministry of Culture, in collaboration with the Archivio Ghirri and the Italian Institute of Culture in Paris, and with the participation of the MEP, Maison Europ\u00e9enne de la Photographie, in Paris.<\/p>\n<p style=\"text-align: justify;\"><b>Thursday, November 7th<\/b> at 6:00 pm at the <b>Italian Institute of Culture in Paris<\/b>, 50 Rue de Varenne, 75007 Paris: inauguration of the exhibition <b>Viaggio in Italia<\/b>, curated by Matteo Balduzzi.<br \/>\n<b>Friday, November 8th<\/b> at 6:00 pm at the <b>MEP, Maison Europ\u00e9enne de la Photographie<\/b>, 5\/7 Rue de Fourcy, 75004 Paris: presentation of the anastatic reissue of the volume <b>Viaggio in Italia<\/b>. Round table discussion between photographers Olivio Barbieri, Gianantonio Battistella, Mario Cresci and Claude Nori. Moderator Matteo Balduzzi, curator of the Museum of Contemporary Photography.<\/p>\n<p style=\"text-align: justify;\">The exhibition will close on January 8, 2025.<\/p>\n<p>[\/vc_column_text][\/vc_column][vc_column width=&#8221;1\/3&#8243;][vc_single_image image=&#8221;6788&#8243; img_size=&#8221;large&#8221;][\/vc_column][\/vc_row][vc_row][vc_column width=&#8221;1\/2&#8243;][vc_single_image image=&#8221;6756&#8243; img_size=&#8221;medium&#8221;][\/vc_column][vc_column width=&#8221;1\/2&#8243;][vc_column_text]<\/p>\n<p style=\"text-align: justify;\">August 15, 2023<\/p>\n<p style=\"text-align: justify;\">As part of the Sacreselve Festival, in Ghiffa (Verbania) from September 15 to 17, 2023, an exhibition of photographs by Fulvio Ventura, with the Verbano region as their theme, will be opened in the Cappella dell&#8217;Incoronata, with the title <b>Dalla parte della natura<\/b>.<\/p>\n<p>[\/vc_column_text][\/vc_column][\/vc_row][vc_row][vc_column width=&#8221;1\/2&#8243;][vc_column_text]May 15, 2023<\/p>\n<p>A new gallery of black and white photographs has been added to the Fulvio Ventura website[\/vc_column_text][\/vc_column][vc_column width=&#8221;1\/2&#8243;][vc_single_image image=&#8221;6633&#8243; img_size=&#8221;large&#8221;][\/vc_column][\/vc_row][vc_row][vc_column width=&#8221;1\/2&#8243;][vc_single_image image=&#8221;6768&#8243; img_size=&#8221;medium&#8221;][\/vc_column][vc_column width=&#8221;1\/2&#8243;][vc_column_text]<\/p>\n<p style=\"text-align: justify;\">May 3, 2023<\/p>\n<p style=\"text-align: justify;\">From <b>May 31, 2023<\/b> to <b>September 3, 2023<\/b>, four original photo stamps by Fulvio Ventura will be exhibited to the <b>Scuderie del Quirinale<\/b>, in Roma, as part of exhibition <b>L\u2019Italia \u00e8 un desiderio<\/b><\/p>\n<p>[\/vc_column_text][\/vc_column][\/vc_row][vc_row][vc_column width=&#8221;1\/2&#8243;][vc_column_text]<\/p>\n<p style=\"text-align: justify;\">April 13, 2023<\/p>\n<p style=\"text-align: justify;\">From April 28, 2023 to February 2024, eight original prints of photographs by Fulvio Ventura, in 40&#215;40 format, will be exhibited at the Palace of Museums in Reggio Emilia (Italy), via Spallanzani 1, as part of the exhibition <b>Un piede nell&#8217;Eden<\/b>. The photographs, kept in the photographic archive of the Biblioteca Panizzi, are part of the 1988 collective exhibition <b>Giardini in Europa<\/b>, and were taken in Gordes, Paris, Urbino, Naples, Lyon and Salzburg.<\/p>\n<p>[\/vc_column_text][\/vc_column][vc_column width=&#8221;1\/2&#8243;][vc_single_image image=&#8221;6615&#8243; img_size=&#8221;large&#8221;][\/vc_column][\/vc_row][vc_row][vc_column width=&#8221;1\/2&#8243;][vc_single_image image=&#8221;6339&#8243; img_size=&#8221;large&#8221;][\/vc_column][vc_column width=&#8221;1\/2&#8243;][vc_column_text]<\/p>\n<p style=\"text-align: justify;\">March 7, 2023<\/p>\n<p style=\"text-align: justify;\">On the occasion of the third anniversary of the disappearance of Fulvio Ventura, two new galleries were added: <b>Archivio dello Spazio<\/b>, images of three municipalities in the province of Milan, and <b>Vulcano<\/b>, Images of this island of the Archipelago of the Aeoliennes.<\/p>\n<p>[\/vc_column_text][vc_single_image image=&#8221;6556&#8243; img_size=&#8221;medium&#8221;][\/vc_column][\/vc_row][vc_row][vc_column width=&#8221;1\/2&#8243;][vc_column_text]<\/p>\n<p style=\"text-align: justify;\">October 24, 2021<\/p>\n<p style=\"text-align: justify;\">The book <i>Sagacity<\/i> by Fulvio Ventura was presented in Milan on <b>20 October 2021<\/b> at <b>18:30<\/b>, at the <b>Galleria San Fedele<\/b>, via Ulrico Hoepli 3a.<\/p>\n<p style=\"text-align: justify;\">Organized by Giulia Zorzi of the <i>Micamera<\/i> bookshop, in the presence of Fulvio&#8217;s partner, Anna de Lorenzi, of the publisher Mike Slack, <i>(The Ice Plant)<\/i>, of the photographer Giovanni Chiaramonte and by Roberta Valtorta, historian and critic of Italian photography. Moderated by Luca Fiore, journalist.<\/p>\n<p>[\/vc_column_text][\/vc_column][vc_column width=&#8221;1\/2&#8243;][vc_single_image image=&#8221;5868&#8243; img_size=&#8221;full&#8221; add_caption=&#8221;yes&#8221;][\/vc_column][\/vc_row][vc_row][vc_column width=&#8221;1\/2&#8243;][vc_single_image image=&#8221;5791&#8243; img_size=&#8221;full&#8221;][\/vc_column][vc_column width=&#8221;1\/2&#8243;][vc_column_text]<\/p>\n<p style=\"text-align: justify;\">June 30, 2021<\/p>\n<p style=\"text-align: justify;\">After almost 50 years of waiting, here is finally <i>Sagacity<\/i> by Fulvio Ventura.<br \/>\nThe result of a work begun in 1975, the publication of most of these images was expected as early as 1978, when Luigi Ghirri announced the release of <i>Souvenir(s)<\/i>, which never happened due to the failure of the Punto e Virgola publishing house.<\/p>\n<p style=\"text-align: justify;\"><i>Sagacity, Sunstar and Salamandra<\/i> was the original and complete title, as read a brass plaque found by chance in a printing shop. A work that Ventura then continued to transform, guided by a passion for esoteric philosophy, mystery, chance, jazz music and surrealist and mythological literature.<\/p>\n<p style=\"text-align: justify;\">The sequence of this monograph is curated by Giulia Zorzi of Micamera, and is the result of numerous meetings with the author at his home in Ghiffa, on Lake Maggiore, abruptly interrupted by Ventura&#8217;s death on March 7, 2020. The design is by Jason Fulford.<\/p>\n<p style=\"text-align: justify;\">The images collected here were taken over many years in different places in Europe; at the same time instantaneous and intentional, mysterious and ironic, often surprisingly cinematic, make up a coherent and autonomous metaphysical universe, governed by visible and invisible forces.<\/p>\n<p>[\/vc_column_text][\/vc_column][\/vc_row][vc_row][vc_column][vc_column_text]The Ice Plant Editions, 2021 &#8211; 1st edition of 500 copies<br \/>\nHard cover, 26 x 18 cm &#8211; 64 pages, 33 black and white photographs<br \/>\nprice: 33 \u20ac<\/p>\n<p>You can find this book at the Micamera bookshop, via Medardo Rosso 19, 20159 Milan<br \/>\nor order it on the Micamera website: https:\/\/www.micamera.com\/prodotto\/sagacity-fulvio-ventura\/[\/vc_column_text][\/vc_column][\/vc_row][vc_row][vc_column width=&#8221;1\/2&#8243;][vc_single_image image=&#8221;5815&#8243; img_size=&#8221;full&#8221;][\/vc_column][vc_column width=&#8221;1\/2&#8243;][vc_column_text]June 14, 2021<\/p>\n<p>Seven new photographs have been added to the color album <i>Fugitive visions<\/i>[\/vc_column_text][\/vc_column][\/vc_row]<\/p>\n","protected":false},"excerpt":{"rendered":"<p>[vc_row][vc_column width=&#8221;2\/3&#8243;][vc_column_text] March 13, 2025 Upcoming events: London: Tuesday, March 25 at 6:30 p.m., presentation of the re-edition of the book Viaggio in Italia, at The Photographers Gallery, 16-18 Ramillies St., London W1F 7LW. Istanbul: Thursday, April 24, inauguration of the exhibition Viaggio in Italia at National Museum of Turkish and Islamic Art, T\u00fcrk ve&hellip;<\/p>\n","protected":false},"author":1,"featured_media":0,"parent":0,"menu_order":0,"comment_status":"closed","ping_status":"closed","template":"","meta":[],"_links":{"self":[{"href":"https:\/\/fulvioventura.org\/en\/wp-json\/wp\/v2\/pages\/5846"}],"collection":[{"href":"https:\/\/fulvioventura.org\/en\/wp-json\/wp\/v2\/pages"}],"about":[{"href":"https:\/\/fulvioventura.org\/en\/wp-json\/wp\/v2\/types\/page"}],"author":[{"embeddable":true,"href":"https:\/\/fulvioventura.org\/en\/wp-json\/wp\/v2\/users\/1"}],"replies":[{"embeddable":true,"href":"https:\/\/fulvioventura.org\/en\/wp-json\/wp\/v2\/comments?post=5846"}],"version-history":[{"count":18,"href":"https:\/\/fulvioventura.org\/en\/wp-json\/wp\/v2\/pages\/5846\/revisions"}],"predecessor-version":[{"id":6849,"href":"https:\/\/fulvioventura.org\/en\/wp-json\/wp\/v2\/pages\/5846\/revisions\/6849"}],"wp:attachment":[{"href":"https:\/\/fulvioventura.org\/en\/wp-json\/wp\/v2\/media?parent=5846"}],"curies":[{"name":"wp","href":"https:\/\/api.w.org\/{rel}","templated":true}]}}

<p>[vc_row][vc_column width=&#8221;2/3&#8243;][vc_column_text]</p>
<p style="text-align: justify;">March 13, 2025</p>
<p style="text-align: justify;">Upcoming events:</p>
<p style="text-align: justify;"><b>London: Tuesday, March 25</b> at 6:30 p.m., presentation of the re-edition of the book <b>Viaggio in Italia</b>, at <b>The Photographers Gallery</b>, 16-18 Ramillies St., London W1F 7LW.</p>
<p style="text-align: justify;"><b>Istanbul: Thursday, April 24</b>, inauguration of the exhibition <b>Viaggio in Italia</b> at <b>National Museum of Turkish and Islamic Art</b>, Türk ve İslam Eserleri Müzesi, Binbirdirek Mahallesi, Meydanı Caddesi 12, 34122 Sultanahmet, İstanbul.<br />
The exhibition will close on May 28, 2025.</p>
<p style="text-align: justify;"><b>Bari: Tuesday, May 27</b> at 6:30 p.m., presentation of the re-edition of the book <b>Viaggio in Italia</b>, at <b>Pinacoteca metropolitana di Bari</b>, Via Spalato 19, 70121 Bari.</p>
<p>[/vc_column_text][/vc_column][vc_column width=&#8221;1/3&#8243;][vc_single_image image=&#8221;6825&#8243; img_size=&#8221;large&#8221;][/vc_column][/vc_row][vc_row][vc_column width=&#8221;1/4&#8243;][vc_single_image image=&#8221;6813&#8243; img_size=&#8221;medium&#8221;][/vc_column][vc_column width=&#8221;3/4&#8243;][vc_column_text]</p>
<p style="text-align: justify;">London 11 February 2025<br />
Exhibition and presentation of the re-edition of the book <b>Viaggio in Italia</b>, at the <b>Italian Cultural Institute</b>, on the 40th anniversary of its first publication.</p>
<p style="text-align: justify;">The exhibition will be inaugurated <b>on Tuesday 12 February</b> at 6:30 pm at the Italian Cultural Institute, 39 Belgrave Square, London SW1X 8NX.<br />
Speeches by Francesco Bongarrà, Director of the Italian Cultural Institute, Davide Rondoni, President of MuFoCo, Museum of Contemporary Photography, Gabriella Guerci, Director of MuFoCo, Museum of Contemporary Photography, and Matteo Balduzzi, curator of the exhibition.</p>
<p style="text-align: justify;">The exhibition will close on 28 March 2025.</p>
<p>[/vc_column_text][/vc_column][/vc_row][vc_row][vc_column width=&#8221;2/3&#8243;][vc_column_text]</p>
<p style="text-align: justify;">Milan, February 6, 2025<br />
Presentation of the re-edition of the book <b>Viaggio in Italia</b>, at the <b>Pinacoteca di Brera</b>, on the 40th anniversary of the first publication.</p>
<p style="text-align: justify;">The presentation will take place <b>Thursday, February 6</b> at 5:30 pm in the Aldo Bassetti room, Pinacoteca di Brera, via Brera 28, 20121 Milan.<br />
Introduction by Angelo Crespi, Director of the Pinacoteca di Brera, Angelo Piero Cappello, General Director of Contemporary Creativity of the Ministry of Culture, Davide Rondoni, President of MuFoCo, Museum of Contemporary Photography, and Adele Ghirri, of the Archivio Eredi di Luigi Ghirri.<br />
Round table between photographers Olivio Barbieri, Gianatonio Battistella, Vincenzo Castella and Andrea Cavazzuti.<br />
Moderator Matteo Balduzzi, curator of the Museum of Contemporary Photography.</p>
<p>[/vc_column_text][/vc_column][vc_column width=&#8221;1/3&#8243;][vc_single_image image=&#8221;6788&#8243; img_size=&#8221;medium&#8221;][/vc_column][/vc_row][vc_row][vc_column width=&#8221;1/4&#8243;][vc_single_image image=&#8221;6788&#8243; img_size=&#8221;medium&#8221;][/vc_column][vc_column width=&#8221;3/4&#8243;][vc_column_text]</p>
<p style="text-align: justify;">Rome, December 13, 2024<br />
Presentation of the re-edition of the book <b>Viaggio in Italia</b>, at the <b>MAXXI</b>, National Museum of 21st Century Arts, on the 40th anniversary of its first publication.</p>
<p style="text-align: justify;">The presentation will take place <b>Friday, December 13</b> at 6:30 pm in the Carlo Scarpa room of the MAXXI, via Guido Reni 4a, 00196 Rome.<br />
Introduction by Lorenza Baroncelli, Director of the Maxxi.<br />
Speakers Angelo Piero Cappello, General Director of Contemporary Creativity of the Italian Ministry of Culture, Davide Rondoni, President of MuFoCo, Museum of Contemporary Photography, Adele Ghirri, of the Archivio Eredi di Luigi Ghirri, and Vittore Fossati, Guido Guidi and Gianni Leone, photographers.<br />
Moderator Matteo Balduzzi, curator of the Museum of Contemporary Photography.</p>
<p>[/vc_column_text][/vc_column][/vc_row][vc_row][vc_column width=&#8221;2/3&#8243;][vc_column_text]</p>
<p style="text-align: justify;">Paris, 7-8 November 2024<br />
Exhibition and presentation of the anastatic reissue of the book <b>Viaggio in Italia</b>, from 1984, published at the time by the publishing house Il Quadrante and re-edition by the publishing house Edizioni Quodlibet.</p>
<p style="text-align: justify;">The exhibition celebrates the fortieth anniversary of <b>Viaggio in Italia</b>, the photographic project conceived by Luigi Ghirri in 1984, considered a milestone in the history of contemporary Italian photography, and presents the 86 images contained in the original book reprinted in an anastatic copy. In the new edition, all the details of the original book are faithfully preserved, adopting the design, the layout of the text and the sequence of the original images, the material properties and the size of the pages.</p>
<p style="text-align: justify;">The celebration of the 40th anniversary of the book <b>Viaggio in Italia</b> is promoted by MuFoCo, Museo di Fotografia Contemporanea, with the General Directorate of Contemporary Creativity of the Italian Ministry of Culture, in collaboration with the Archivio Ghirri and the Italian Institute of Culture in Paris, and with the participation of the MEP, Maison Européenne de la Photographie, in Paris.</p>
<p style="text-align: justify;"><b>Thursday, November 7th</b> at 6:00 pm at the <b>Italian Institute of Culture in Paris</b>, 50 Rue de Varenne, 75007 Paris: inauguration of the exhibition <b>Viaggio in Italia</b>, curated by Matteo Balduzzi.<br />
<b>Friday, November 8th</b> at 6:00 pm at the <b>MEP, Maison Européenne de la Photographie</b>, 5/7 Rue de Fourcy, 75004 Paris: presentation of the anastatic reissue of the volume <b>Viaggio in Italia</b>. Round table discussion between photographers Olivio Barbieri, Gianantonio Battistella, Mario Cresci and Claude Nori. Moderator Matteo Balduzzi, curator of the Museum of Contemporary Photography.</p>
<p style="text-align: justify;">The exhibition will close on January 8, 2025.</p>
<p>[/vc_column_text][/vc_column][vc_column width=&#8221;1/3&#8243;][vc_single_image image=&#8221;6788&#8243; img_size=&#8221;large&#8221;][/vc_column][/vc_row][vc_row][vc_column width=&#8221;1/2&#8243;][vc_single_image image=&#8221;6756&#8243; img_size=&#8221;medium&#8221;][/vc_column][vc_column width=&#8221;1/2&#8243;][vc_column_text]</p>
<p style="text-align: justify;">August 15, 2023</p>
<p style="text-align: justify;">As part of the Sacreselve Festival, in Ghiffa (Verbania) from September 15 to 17, 2023, an exhibition of photographs by Fulvio Ventura, with the Verbano region as their theme, will be opened in the Cappella dell&#8217;Incoronata, with the title <b>Dalla parte della natura</b>.</p>
<p>[/vc_column_text][/vc_column][/vc_row][vc_row][vc_column width=&#8221;1/2&#8243;][vc_column_text]May 15, 2023</p>
<p>A new gallery of black and white photographs has been added to the Fulvio Ventura website[/vc_column_text][/vc_column][vc_column width=&#8221;1/2&#8243;][vc_single_image image=&#8221;6633&#8243; img_size=&#8221;large&#8221;][/vc_column][/vc_row][vc_row][vc_column width=&#8221;1/2&#8243;][vc_single_image image=&#8221;6768&#8243; img_size=&#8221;medium&#8221;][/vc_column][vc_column width=&#8221;1/2&#8243;][vc_column_text]</p>
<p style="text-align: justify;">May 3, 2023</p>
<p style="text-align: justify;">From <b>May 31, 2023</b> to <b>September 3, 2023</b>, four original photo stamps by Fulvio Ventura will be exhibited to the <b>Scuderie del Quirinale</b>, in Roma, as part of exhibition <b>L’Italia è un desiderio</b></p>
<p>[/vc_column_text][/vc_column][/vc_row][vc_row][vc_column width=&#8221;1/2&#8243;][vc_column_text]</p>
<p style="text-align: justify;">April 13, 2023</p>
<p style="text-align: justify;">From April 28, 2023 to February 2024, eight original prints of photographs by Fulvio Ventura, in 40&#215;40 format, will be exhibited at the Palace of Museums in Reggio Emilia (Italy), via Spallanzani 1, as part of the exhibition <b>Un piede nell&#8217;Eden</b>. The photographs, kept in the photographic archive of the Biblioteca Panizzi, are part of the 1988 collective exhibition <b>Giardini in Europa</b>, and were taken in Gordes, Paris, Urbino, Naples, Lyon and Salzburg.</p>
<p>[/vc_column_text][/vc_column][vc_column width=&#8221;1/2&#8243;][vc_single_image image=&#8221;6615&#8243; img_size=&#8221;large&#8221;][/vc_column][/vc_row][vc_row][vc_column width=&#8221;1/2&#8243;][vc_single_image image=&#8221;6339&#8243; img_size=&#8221;large&#8221;][/vc_column][vc_column width=&#8221;1/2&#8243;][vc_column_text]</p>
<p style="text-align: justify;">March 7, 2023</p>
<p style="text-align: justify;">On the occasion of the third anniversary of the disappearance of Fulvio Ventura, two new galleries were added: <b>Archivio dello Spazio</b>, images of three municipalities in the province of Milan, and <b>Vulcano</b>, Images of this island of the Archipelago of the Aeoliennes.</p>
<p>[/vc_column_text][vc_single_image image=&#8221;6556&#8243; img_size=&#8221;medium&#8221;][/vc_column][/vc_row][vc_row][vc_column width=&#8221;1/2&#8243;][vc_column_text]</p>
<p style="text-align: justify;">October 24, 2021</p>
<p style="text-align: justify;">The book <i>Sagacity</i> by Fulvio Ventura was presented in Milan on <b>20 October 2021</b> at <b>18:30</b>, at the <b>Galleria San Fedele</b>, via Ulrico Hoepli 3a.</p>
<p style="text-align: justify;">Organized by Giulia Zorzi of the <i>Micamera</i> bookshop, in the presence of Fulvio&#8217;s partner, Anna de Lorenzi, of the publisher Mike Slack, <i>(The Ice Plant)</i>, of the photographer Giovanni Chiaramonte and by Roberta Valtorta, historian and critic of Italian photography. Moderated by Luca Fiore, journalist.</p>
<p>[/vc_column_text][/vc_column][vc_column width=&#8221;1/2&#8243;][vc_single_image image=&#8221;5868&#8243; img_size=&#8221;full&#8221; add_caption=&#8221;yes&#8221;][/vc_column][/vc_row][vc_row][vc_column width=&#8221;1/2&#8243;][vc_single_image image=&#8221;5791&#8243; img_size=&#8221;full&#8221;][/vc_column][vc_column width=&#8221;1/2&#8243;][vc_column_text]</p>
<p style="text-align: justify;">June 30, 2021</p>
<p style="text-align: justify;">After almost 50 years of waiting, here is finally <i>Sagacity</i> by Fulvio Ventura.<br />
The result of a work begun in 1975, the publication of most of these images was expected as early as 1978, when Luigi Ghirri announced the release of <i>Souvenir(s)</i>, which never happened due to the failure of the Punto e Virgola publishing house.</p>
<p style="text-align: justify;"><i>Sagacity, Sunstar and Salamandra</i> was the original and complete title, as read a brass plaque found by chance in a printing shop. A work that Ventura then continued to transform, guided by a passion for esoteric philosophy, mystery, chance, jazz music and surrealist and mythological literature.</p>
<p style="text-align: justify;">The sequence of this monograph is curated by Giulia Zorzi of Micamera, and is the result of numerous meetings with the author at his home in Ghiffa, on Lake Maggiore, abruptly interrupted by Ventura&#8217;s death on March 7, 2020. The design is by Jason Fulford.</p>
<p style="text-align: justify;">The images collected here were taken over many years in different places in Europe; at the same time instantaneous and intentional, mysterious and ironic, often surprisingly cinematic, make up a coherent and autonomous metaphysical universe, governed by visible and invisible forces.</p>
<p>[/vc_column_text][/vc_column][/vc_row][vc_row][vc_column][vc_column_text]The Ice Plant Editions, 2021 &#8211; 1st edition of 500 copies<br />
Hard cover, 26 x 18 cm &#8211; 64 pages, 33 black and white photographs<br />
price: 33 €</p>
<p>You can find this book at the Micamera bookshop, via Medardo Rosso 19, 20159 Milan<br />
or order it on the Micamera website: https://www.micamera.com/prodotto/sagacity-fulvio-ventura/[/vc_column_text][/vc_column][/vc_row][vc_row][vc_column width=&#8221;1/2&#8243;][vc_single_image image=&#8221;5815&#8243; img_size=&#8221;full&#8221;][/vc_column][vc_column width=&#8221;1/2&#8243;][vc_column_text]June 14, 2021</p>
<p>Seven new photographs have been added to the color album <i>Fugitive visions</i>[/vc_column_text][/vc_column][/vc_row]</p>

<p>[vc_row][vc_column width=&#8221;2/3&#8243;][vc_column_text] March 13, 2025 Upcoming events: London: Tuesday, March 25 at 6:30 p.m., presentation of the re-edition of the book Viaggio in Italia, at The Photographers Gallery, 16-18 Ramillies St., London W1F 7LW. Istanbul: Thursday, April 24, inauguration of the exhibition Viaggio in Italia at National Museum of Turkish and Islamic Art, Türk ve&hellip;</p>
